{"id":136,"date":"2026-01-26T15:59:15","date_gmt":"2026-01-26T15:59:15","guid":{"rendered":"https:\/\/isuccess.niarztest.com\/?page_id=136"},"modified":"2026-02-03T11:05:21","modified_gmt":"2026-02-03T11:05:21","slug":"berszamfejtes","status":"publish","type":"page","link":"https:\/\/isuccess.niarztest.com\/index.php\/berszamfejtes\/","title":{"rendered":"B\u00e9rsz\u00e1mfejt\u00e9s"},"content":{"rendered":"\t\t<div data-elementor-type=\"wp-page\" data-elementor-id=\"136\" class=\"elementor elementor-136\" data-elementor-post-type=\"page\">\n\t\t\t\t<div class=\"elementor-element elementor-element-7024736 e-flex e-con-boxed e-con e-parent\" data-id=\"7024736\" data-element_type=\"container\" data-settings=\"{&quot;background_background&quot;:&quot;classic&quot;}\">\n\t\t\t\t\t<div class=\"e-con-inner\">\n\t\t\t\t<div class=\"elementor-element elementor-element-2b916d7 elementor-widget elementor-widget-spacer\" data-id=\"2b916d7\" data-element_type=\"widget\" data-widget_type=\"spacer.default\">\n\t\t\t\t\t\t\t<div class=\"elementor-spacer\">\n\t\t\t<div class=\"elementor-spacer-inner\"><\/div>\n\t\t<\/div>\n\t\t\t\t\t\t<\/div>\n\t\t\t\t<div class=\"elementor-element elementor-element-10c289a elementor-widget elementor-widget-heading\" data-id=\"10c289a\" data-element_type=\"widget\" data-widget_type=\"heading.default\">\n\t\t\t\t\t<h2 class=\"elementor-heading-title elementor-size-default\">B\u00e9rsz\u00e1mfejt\u00e9s<\/h2>\t\t\t\t<\/div>\n\t\t\t\t<div class=\"elementor-element elementor-element-64771ef elementor-widget elementor-widget-spacer\" data-id=\"64771ef\" data-element_type=\"widget\" data-widget_type=\"spacer.default\">\n\t\t\t\t\t\t\t<div class=\"elementor-spacer\">\n\t\t\t<div class=\"elementor-spacer-inner\"><\/div>\n\t\t<\/div>\n\t\t\t\t\t\t<\/div>\n\t\t\t\t\t<\/div>\n\t\t\t\t<\/div>\n\t\t<div class=\"elementor-element elementor-element-577a26f e-flex e-con-boxed e-con e-parent\" data-id=\"577a26f\" data-element_type=\"container\">\n\t\t\t\t\t<div class=\"e-con-inner\">\n\t\t\t\t<div class=\"elementor-element elementor-element-2179bda elementor-widget elementor-widget-spacer\" data-id=\"2179bda\" data-element_type=\"widget\" data-widget_type=\"spacer.default\">\n\t\t\t\t\t\t\t<div class=\"elementor-spacer\">\n\t\t\t<div class=\"elementor-spacer-inner\"><\/div>\n\t\t<\/div>\n\t\t\t\t\t\t<\/div>\n\t\t\t\t\t<\/div>\n\t\t\t\t<\/div>\n\t\t<div class=\"elementor-element elementor-element-89d8e0a e-flex e-con-boxed e-con e-parent\" data-id=\"89d8e0a\" data-element_type=\"container\">\n\t\t\t\t\t<div class=\"e-con-inner\">\n\t\t<div class=\"elementor-element elementor-element-75feae6 e-con-full e-flex e-con e-child\" data-id=\"75feae6\" data-element_type=\"container\">\n\t\t\t\t<div class=\"elementor-element elementor-element-a87f307 elementor-widget elementor-widget-heading\" data-id=\"a87f307\" data-element_type=\"widget\" data-widget_type=\"heading.default\">\n\t\t\t\t\t<h2 class=\"elementor-heading-title elementor-size-default\">Teljes k\u00f6r\u0171 <\/h2>\t\t\t\t<\/div>\n\t\t\t\t<div class=\"elementor-element elementor-element-bd6ce15 elementor-widget elementor-widget-heading\" data-id=\"bd6ce15\" data-element_type=\"widget\" data-widget_type=\"heading.default\">\n\t\t\t\t\t<h2 class=\"elementor-heading-title elementor-size-default\">b\u00e9rsz\u00e1mfejt\u00e9si\n\u00e9s TB \u00fcgyint\u00e9z\u00e9s.<\/h2>\t\t\t\t<\/div>\n\t\t\t\t<\/div>\n\t\t<div class=\"elementor-element elementor-element-49b6ba8 e-con-full e-flex e-con e-child\" data-id=\"49b6ba8\" data-element_type=\"container\">\n\t\t\t\t<\/div>\n\t\t\t\t\t<\/div>\n\t\t\t\t<\/div>\n\t\t<div class=\"elementor-element elementor-element-475e9f6 e-flex e-con-boxed e-con e-parent\" data-id=\"475e9f6\" data-element_type=\"container\" data-settings=\"{&quot;background_background&quot;:&quot;classic&quot;}\">\n\t\t\t\t\t<div class=\"e-con-inner\">\n\t\t<div class=\"elementor-element elementor-element-b55e5e9 e-con-full e-flex e-con e-child\" data-id=\"b55e5e9\" data-element_type=\"container\">\n\t\t\t\t<div class=\"elementor-element elementor-element-e8a6017 elementor-widget elementor-widget-text-editor\" data-id=\"e8a6017\" data-element_type=\"widget\" data-widget_type=\"text-editor.default\">\n\t\t\t\t\t\t\t\t\t<div class=\"cube-classic cube-classic-2\">C\u00e9g\u00fcnk teljes k\u00f6r\u0171 b\u00e9rsz\u00e1mfejt\u00e9si \u00e9s t\u00e1rsadalombiztos\u00edt\u00e1si \u00fcgyint\u00e9z\u00e9si szolg\u00e1ltat\u00e1st ny\u00fajt, biztos\u00edtva a munk\u00e1ltat\u00f3k \u00e9s munkav\u00e1llal\u00f3k sz\u00e1m\u00e1ra a pontos, jogszab\u00e1lyoknak megfelel\u0151 elsz\u00e1mol\u00e1st.<\/div>\t\t\t\t\t\t\t\t<\/div>\n\t\t\t\t<\/div>\n\t\t<div class=\"elementor-element elementor-element-c2e0f18 e-con-full e-flex e-con e-child\" data-id=\"c2e0f18\" data-element_type=\"container\">\n\t\t\t\t<div class=\"elementor-element elementor-element-c350c5c elementor-widget elementor-widget-image\" data-id=\"c350c5c\" data-element_type=\"widget\" data-widget_type=\"image.default\">\n\t\t\t\t\t\t\t\t\t\t\t\t\t\t\t<img decoding=\"async\" src=\"https:\/\/isuccess.niarztest.com\/wp-content\/uploads\/elementor\/thumbs\/berszamfejtes-rhp1psflvpxwqr5ylfc2w6p7lvjc7ojdnbrzmg3sfw.png\" title=\"berszamfejtes\" alt=\"berszamfejtes\" loading=\"lazy\" \/>\t\t\t\t\t\t\t\t\t\t\t\t\t\t\t<\/div>\n\t\t\t\t<\/div>\n\t\t\t\t\t<\/div>\n\t\t\t\t<\/div>\n\t\t<div class=\"elementor-element elementor-element-f634fec e-flex e-con-boxed e-con e-parent\" data-id=\"f634fec\" data-element_type=\"container\">\n\t\t\t\t\t<div class=\"e-con-inner\">\n\t\t<div class=\"elementor-element elementor-element-c17bf0c e-con-full e-flex e-con e-child\" data-id=\"c17bf0c\" data-element_type=\"container\">\n\t\t\t\t<\/div>\n\t\t<div class=\"elementor-element elementor-element-b77ec82 e-con-full e-flex e-con e-child\" data-id=\"b77ec82\" data-element_type=\"container\">\n\t\t\t\t<div class=\"elementor-element elementor-element-fc8967f elementor-widget elementor-widget-heading\" data-id=\"fc8967f\" data-element_type=\"widget\" data-widget_type=\"heading.default\">\n\t\t\t\t\t<h2 class=\"elementor-heading-title elementor-size-default\">Szolg\u00e1ltat\u00e1saink<\/h2>\t\t\t\t<\/div>\n\t\t\t\t<div class=\"elementor-element elementor-element-1dc1e42 elementor-widget elementor-widget-heading\" data-id=\"1dc1e42\" data-element_type=\"widget\" data-widget_type=\"heading.default\">\n\t\t\t\t\t<h2 class=\"elementor-heading-title elementor-size-default\">magukban foglalj\u00e1k:<\/h2>\t\t\t\t<\/div>\n\t\t\t\t<\/div>\n\t\t\t\t\t<\/div>\n\t\t\t\t<\/div>\n\t\t<div class=\"elementor-element elementor-element-ea39c62 e-flex e-con-boxed e-con e-parent\" data-id=\"ea39c62\" data-element_type=\"container\" data-settings=\"{&quot;background_background&quot;:&quot;classic&quot;}\">\n\t\t\t\t\t<div class=\"e-con-inner\">\n\t\t<div class=\"elementor-element elementor-element-38c25eb e-con-full e-flex e-con e-child\" data-id=\"38c25eb\" data-element_type=\"container\">\n\t\t\t\t<div class=\"elementor-element elementor-element-6e212a2 elementor-widget elementor-widget-image\" data-id=\"6e212a2\" data-element_type=\"widget\" data-widget_type=\"image.default\">\n\t\t\t\t\t\t\t\t\t\t\t\t\t\t\t<img decoding=\"async\" src=\"https:\/\/isuccess.niarztest.com\/wp-content\/uploads\/elementor\/thumbs\/berszamfejtes-rhp1psflvpxwqr5ylfc2w6p7lvjc7ojdnbrzmg3sfw.png\" title=\"berszamfejtes\" alt=\"berszamfejtes\" loading=\"lazy\" \/>\t\t\t\t\t\t\t\t\t\t\t\t\t\t\t<\/div>\n\t\t\t\t<\/div>\n\t\t<div class=\"elementor-element elementor-element-bf50d0f e-con-full e-flex e-con e-child\" data-id=\"bf50d0f\" data-element_type=\"container\">\n\t\t\t\t<div class=\"elementor-element elementor-element-247b57f elementor-widget elementor-widget-text-editor\" data-id=\"247b57f\" data-element_type=\"widget\" data-widget_type=\"text-editor.default\">\n\t\t\t\t\t\t\t\t\t<section class=\"section section-xl bg-default\"><div class=\"container\"><div class=\"row row-30 justify-content-center justify-content-lg-end align-items-md-center\"><div class=\"col-md-6\"><p class=\"wow fadeInRight\"><b>B\u00e9rsz\u00e1mfejt\u00e9s \u00e9s juttat\u00e1sok kezel\u00e9se<\/b>\u00a0&#8211; B\u00e9rsz\u00e1mfejt\u00e9s \u00e9s juttat\u00e1sok kezel\u00e9se<br \/><b>Adminisztr\u00e1ci\u00f3s feladatok<\/b>\u00a0&#8211; munkaszerz\u0151d\u00e9sek \u00e9s munkaviszonnyal kapcsolatos dokument\u00e1ci\u00f3k el\u0151k\u00e9sz\u00edt\u00e9se<br \/><b>J\u00f6vedelemelsz\u00e1mol\u00e1shoz sz\u00fcks\u00e9ges nyilatkozatok kezel\u00e9se<\/b>\u00a0&#8211; ad\u00f3kedvezm\u00e9nyek \u00e9s egy\u00e9b ig\u00e9nyl\u00e9sek feldolgoz\u00e1sa<br \/><b>TB \u00fcgyint\u00e9z\u00e9s<\/b>\u00a0&#8211; t\u00e1pp\u00e9nz, GYED, GYES \u00e9s egy\u00e9b ell\u00e1t\u00e1sok ig\u00e9nyl\u00e9s\u00e9nek int\u00e9z\u00e9se<br \/><b>Hat\u00f3s\u00e1gi kapcsolattart\u00e1s<\/b>\u00a0&#8211; bejelent\u00e9sek, adatszolg\u00e1ltat\u00e1s \u00e9s k\u00f6telez\u0151 dokument\u00e1ci\u00f3k beny\u00fajt\u00e1sa az illet\u00e9kes szervek fel\u00e9<br \/><br \/>Modern \u00fcgyviteli rendszer\u00fcnk \u00e9s szak\u00e9rt\u0151i csapatunk garant\u00e1lja, hogy b\u00e9r- \u00e9s TB \u00fcgyint\u00e9z\u00e9se mindig pontosan, hat\u00e1rid\u0151re \u00e9s a jogszab\u00e1lyi el\u0151\u00edr\u00e1soknak megfelel\u0151en t\u00f6rt\u00e9njen. B\u00edzza r\u00e1nk ezt a feladatot, \u00e9s biztos lehet benne, hogy munkav\u00e1llal\u00f3i \u00e9s c\u00e9ge is mindig szab\u00e1lyosan \u00e9s g\u00f6rd\u00fcl\u00e9kenyen m\u0171k\u00f6dhet!<\/p><\/div><\/div><\/div><\/section><section id=\"szolgaltatasok\" class=\"section section-full section-xs section-first bg-default text-md-center\"><div class=\"container\"><div class=\"subtitle-classic wow fadeInUp\">\u00a0<\/div><\/div><\/section>\t\t\t\t\t\t\t\t<\/div>\n\t\t\t\t<\/div>\n\t\t\t\t\t<\/div>\n\t\t\t\t<\/div>\n\t\t<div class=\"elementor-element elementor-element-def1201 e-flex e-con-boxed e-con e-parent\" data-id=\"def1201\" data-element_type=\"container\">\n\t\t\t\t\t<div class=\"e-con-inner\">\n\t\t\t\t<div class=\"elementor-element elementor-element-5337574 elementor-widget elementor-widget-spacer\" data-id=\"5337574\" data-element_type=\"widget\" data-widget_type=\"spacer.default\">\n\t\t\t\t\t\t\t<div class=\"elementor-spacer\">\n\t\t\t<div class=\"elementor-spacer-inner\"><\/div>\n\t\t<\/div>\n\t\t\t\t\t\t<\/div>\n\t\t\t\t<div class=\"elementor-element elementor-element-2016535 elementor-widget elementor-widget-heading\" data-id=\"2016535\" data-element_type=\"widget\" data-widget_type=\"heading.default\">\n\t\t\t\t\t<h2 class=\"elementor-heading-title elementor-size-default\">C\u00e9g\u00fcnk \u00e1ltal ny\u00fajtott szolg\u00e1ltat\u00e1sok<\/h2>\t\t\t\t<\/div>\n\t\t\t\t<div class=\"elementor-element elementor-element-acf257b elementor-widget-divider--view-line elementor-widget elementor-widget-divider\" data-id=\"acf257b\" data-element_type=\"widget\" data-widget_type=\"divider.default\">\n\t\t\t\t\t\t\t<div class=\"elementor-divider\">\n\t\t\t<span class=\"elementor-divider-separator\">\n\t\t\t\t\t\t<\/span>\n\t\t<\/div>\n\t\t\t\t\t\t<\/div>\n\t\t\t\t\t<\/div>\n\t\t\t\t<\/div>\n\t\t<div class=\"elementor-element elementor-element-aac81e8 e-flex e-con-boxed e-con e-parent\" data-id=\"aac81e8\" data-element_type=\"container\">\n\t\t\t\t\t<div class=\"e-con-inner\">\n\t\t<div class=\"elementor-element elementor-element-e8b59c6 e-con-full e-flex e-con e-child\" data-id=\"e8b59c6\" data-element_type=\"container\">\n\t\t\t\t<div class=\"elementor-element elementor-element-400b49f elementor-widget elementor-widget-image\" data-id=\"400b49f\" data-element_type=\"widget\" data-widget_type=\"image.default\">\n\t\t\t\t\t\t\t\t\t\t\t\t\t\t\t<img decoding=\"async\" src=\"https:\/\/isuccess.niarztest.com\/wp-content\/uploads\/elementor\/thumbs\/konyveles-rhp1pv94g81rpl1v4yjylnzle15furuknpqg29zlx8.png\" title=\"konyveles\" alt=\"konyveles\" class=\"elementor-animation-grow\" loading=\"lazy\" \/>\t\t\t\t\t\t\t\t\t\t\t\t\t\t\t<\/div>\n\t\t\t\t<\/div>\n\t\t<div class=\"elementor-element elementor-element-a681ec6 e-con-full e-flex e-con e-child\" data-id=\"a681ec6\" data-element_type=\"container\">\n\t\t\t\t<div class=\"elementor-element elementor-element-e8d42d0 elementor-widget elementor-widget-image\" data-id=\"e8d42d0\" data-element_type=\"widget\" data-widget_type=\"image.default\">\n\t\t\t\t\t\t\t\t\t\t\t\t\t\t\t<img decoding=\"async\" src=\"https:\/\/isuccess.niarztest.com\/wp-content\/uploads\/elementor\/thumbs\/adotanacsadas-rhp1ppm3b7u1rxa21w476pettpx8kl86mxtj6m7yyk.png\" title=\"adotanacsadas\" alt=\"adotanacsadas\" class=\"elementor-animation-grow\" loading=\"lazy\" \/>\t\t\t\t\t\t\t\t\t\t\t\t\t\t\t<\/div>\n\t\t\t\t<\/div>\n\t\t<div class=\"elementor-element elementor-element-650a8fb e-con-full e-flex e-con e-child\" data-id=\"650a8fb\" data-element_type=\"container\">\n\t\t\t\t<div class=\"elementor-element elementor-element-eb937b1 elementor-widget elementor-widget-image\" data-id=\"eb937b1\" data-element_type=\"widget\" data-widget_type=\"image.default\">\n\t\t\t\t\t\t\t\t\t\t\t\t\t\t\t<img decoding=\"async\" src=\"https:\/\/isuccess.niarztest.com\/wp-content\/uploads\/elementor\/thumbs\/cegatvilagitas-rhp1ptdg2jz72d4lfxqpgogo79epfdn3zgfh3q2e9o.png\" title=\"cegatvilagitas\" alt=\"cegatvilagitas\" class=\"elementor-animation-grow\" loading=\"lazy\" \/>\t\t\t\t\t\t\t\t\t\t\t\t\t\t\t<\/div>\n\t\t\t\t<\/div>\n\t\t<div class=\"elementor-element elementor-element-26c5d44 e-con-full e-flex e-con e-child\" data-id=\"26c5d44\" data-element_type=\"container\">\n\t\t\t\t<div class=\"elementor-element elementor-element-b0e67a9 elementor-widget elementor-widget-image\" data-id=\"b0e67a9\" data-element_type=\"widget\" data-widget_type=\"image.default\">\n\t\t\t\t\t\t\t\t\t\t\t\t\t\t\t<img decoding=\"async\" src=\"https:\/\/isuccess.niarztest.com\/wp-content\/uploads\/elementor\/thumbs\/uzletviteli_tanacsadas-rhp1qjoxdwz83g2d6949ehtku1szewjlf2p2jgzdfg.png\" title=\"uzletviteli_tanacsadas\" alt=\"uzletviteli_tanacsadas\" class=\"elementor-animation-grow\" loading=\"lazy\" \/>\t\t\t\t\t\t\t\t\t\t\t\t\t\t\t<\/div>\n\t\t\t\t<\/div>\n\t\t<div class=\"elementor-element elementor-element-5e23af9 e-con-full e-flex e-con e-child\" data-id=\"5e23af9\" data-element_type=\"container\">\n\t\t\t\t<div class=\"elementor-element elementor-element-4a921c3 elementor-widget elementor-widget-image\" data-id=\"4a921c3\" data-element_type=\"widget\" data-widget_type=\"image.default\">\n\t\t\t\t\t\t\t\t\t\t\t\t\t\t\t<img decoding=\"async\" src=\"https:\/\/isuccess.niarztest.com\/wp-content\/uploads\/elementor\/thumbs\/berszamfejtes-rhp1psflvpxwqr5ylfc2w6p7lvjc7ojdnbrzmg3sfw.png\" title=\"berszamfejtes\" alt=\"berszamfejtes\" class=\"elementor-animation-grow\" loading=\"lazy\" \/>\t\t\t\t\t\t\t\t\t\t\t\t\t\t\t<\/div>\n\t\t\t\t<div class=\"elementor-element elementor-element-03754e2 elementor-hidden-mobile elementor-widget elementor-widget-spacer\" data-id=\"03754e2\" data-element_type=\"widget\" data-widget_type=\"spacer.default\">\n\t\t\t\t\t\t\t<div class=\"elementor-spacer\">\n\t\t\t<div class=\"elementor-spacer-inner\"><\/div>\n\t\t<\/div>\n\t\t\t\t\t\t<\/div>\n\t\t\t\t<\/div>\n\t\t<div class=\"elementor-element elementor-element-d1d099c e-con-full e-flex e-con e-child\" data-id=\"d1d099c\" data-element_type=\"container\">\n\t\t\t\t<div class=\"elementor-element elementor-element-39ee98e elementor-widget elementor-widget-image\" data-id=\"39ee98e\" data-element_type=\"widget\" data-widget_type=\"image.default\">\n\t\t\t\t\t\t\t\t\t\t\t\t\t\t\t<img decoding=\"async\" src=\"https:\/\/isuccess.niarztest.com\/wp-content\/uploads\/elementor\/thumbs\/hitelugyintezes-rhp1puba9e0hdz38ag5c1684sna2n2qubl2yl0103g.png\" title=\"hitelugyintezes\" alt=\"hitelugyintezes\" class=\"elementor-animation-grow\" loading=\"lazy\" \/>\t\t\t\t\t\t\t\t\t\t\t\t\t\t\t<\/div>\n\t\t\t\t<\/div>\n\t\t\t\t\t<\/div>\n\t\t\t\t<\/div>\n\t\t<div class=\"elementor-element elementor-element-765b12f e-flex e-con-boxed e-con e-parent\" data-id=\"765b12f\" data-element_type=\"container\">\n\t\t\t\t\t<div class=\"e-con-inner\">\n\t\t\t\t<div class=\"elementor-element elementor-element-2110449 elementor-widget elementor-widget-spacer\" data-id=\"2110449\" data-element_type=\"widget\" data-widget_type=\"spacer.default\">\n\t\t\t\t\t\t\t<div class=\"elementor-spacer\">\n\t\t\t<div class=\"elementor-spacer-inner\"><\/div>\n\t\t<\/div>\n\t\t\t\t\t\t<\/div>\n\t\t\t\t<div class=\"elementor-element elementor-element-c041e72 elementor-widget elementor-widget-heading\" data-id=\"c041e72\" data-element_type=\"widget\" data-widget_type=\"heading.default\">\n\t\t\t\t\t<h2 class=\"elementor-heading-title elementor-size-default\">Az elismer\u00e9seink\na Te Sikereiddel\nkezd\u0151dnek<\/h2>\t\t\t\t<\/div>\n\t\t\t\t<div class=\"elementor-element elementor-element-f7569e2 elementor-widget-divider--view-line elementor-widget elementor-widget-divider\" data-id=\"f7569e2\" data-element_type=\"widget\" data-widget_type=\"divider.default\">\n\t\t\t\t\t\t\t<div class=\"elementor-divider\">\n\t\t\t<span class=\"elementor-divider-separator\">\n\t\t\t\t\t\t<\/span>\n\t\t<\/div>\n\t\t\t\t\t\t<\/div>\n\t\t\t\t\t<\/div>\n\t\t\t\t<\/div>\n\t\t<div class=\"elementor-element elementor-element-f7cbcad e-flex e-con-boxed e-con e-parent\" data-id=\"f7cbcad\" data-element_type=\"container\">\n\t\t\t\t\t<div class=\"e-con-inner\">\n\t\t\t\t<div class=\"elementor-element elementor-element-ba7bc1e elementor-widget elementor-widget-text-editor\" data-id=\"ba7bc1e\" data-element_type=\"widget\" data-widget_type=\"text-editor.default\">\n\t\t\t\t\t\t\t\t\t<ul class=\"demo\"><li style=\"list-style-type: none;\"><ul class=\"demo\"><li>Proakt\u00edvan m\u0171k\u00f6d\u00fcnk. Menedzsment szeml\u00e9let\u00fcnknek k\u00f6sz\u00f6nhet\u0151en c\u00e9ge \u00f6sszes folyamat\u00e1t figyelembe v\u00e9ve javaslunk p\u00e9nz\u00fcgyi megold\u00e1sokat.<\/li><\/ul><\/li><\/ul><p>\u00a0<\/p><ul class=\"demo\"><li style=\"list-style-type: none;\"><ul class=\"demo\"><li>Bizalom \u00e9s megb\u00edzhat\u00f3s\u00e1g! Csakis olyan megold\u00e1sokat javaslunk, ami kock\u00e1zatmentes, \u00e9s ami egy ad\u00f3ellen\u0151rz\u00e9sen is meg\u00e1llja a hely\u00e9t.<\/li><\/ul><\/li><\/ul><p>\u00a0<\/p><ul class=\"demo\"><li style=\"list-style-type: none;\"><ul class=\"demo\"><li>Garancia. Szakmai felel\u0151ss\u00e9gbiztos\u00edt\u00e1sunk van. Ha hib\u00e1zunk, beismerj\u00fck, nem t\u0171n\u00fcnk el, helyrehozzuk \u00e9s kiegyenl\u00edtj\u00fck, mert a legfontosabb a tisztess\u00e9g \u00e9s a bizalom<\/li><\/ul><\/li><\/ul><p>\u00a0<\/p><ul class=\"demo\"><li style=\"list-style-type: none;\"><ul class=\"demo\"><li>Szak\u00e9rtelem \u00e9s min\u0151s\u00e9g. Legyen sz\u00f3 ak\u00e1r k\u00f6nyvel\u00e9sr\u0151l, b\u00e9rsz\u00e1mfejt\u00e9sr\u0151l, vagy ad\u00f3tan\u00e1csad\u00e1sr\u00f3l munkat\u00e1rsaink szakmailag maxim\u00e1lisan felk\u00e9sz\u00fcltek \u00e9s \u00fcgyf\u00e9lk\u00f6zpont\u00fa gondolkod\u00e1s\u00faak.<\/li><\/ul><\/li><li style=\"list-style-type: none;\">\u00a0<ul class=\"demo\"><li>Professzion\u00e1lis k\u00f6rnyezetben v\u00e1rjuk \u00fcgyfeleinket, de ha sz\u00fcks\u00e9ges online is tudunk egy\u00fcttm\u0171k\u00f6dni<\/li><\/ul><\/li><\/ul>\t\t\t\t\t\t\t\t<\/div>\n\t\t\t\t\t<\/div>\n\t\t\t\t<\/div>\n\t\t\t\t<\/div>\n\t\t","protected":false},"excerpt":{"rendered":"<p>B\u00e9rsz\u00e1mfejt\u00e9s Teljes k\u00f6r\u0171 b\u00e9rsz\u00e1mfejt\u00e9si \u00e9s TB \u00fcgyint\u00e9z\u00e9s. C\u00e9g\u00fcnk teljes k\u00f6r\u0171 b\u00e9rsz\u00e1mfejt\u00e9si \u00e9s t\u00e1rsadalombiztos\u00edt\u00e1si \u00fcgyint\u00e9z\u00e9si szolg\u00e1ltat\u00e1st ny\u00fajt, biztos\u00edtva a munk\u00e1ltat\u00f3k \u00e9s munkav\u00e1llal\u00f3k sz\u00e1m\u00e1ra a pontos, jogszab\u00e1lyoknak megfelel\u0151 elsz\u00e1mol\u00e1st. Szolg\u00e1ltat\u00e1saink magukban foglalj\u00e1k: B\u00e9rsz\u00e1mfejt\u00e9s \u00e9s juttat\u00e1sok kezel\u00e9se\u00a0&#8211; B\u00e9rsz\u00e1mfejt\u00e9s \u00e9s juttat\u00e1sok kezel\u00e9seAdminisztr\u00e1ci\u00f3s feladatok\u00a0&#8211; munkaszerz\u0151d\u00e9sek \u00e9s munkaviszonnyal kapcsolatos dokument\u00e1ci\u00f3k el\u0151k\u00e9sz\u00edt\u00e9seJ\u00f6vedelemelsz\u00e1mol\u00e1shoz sz\u00fcks\u00e9ges nyilatkozatok kezel\u00e9se\u00a0&#8211; ad\u00f3kedvezm\u00e9nyek \u00e9s egy\u00e9b ig\u00e9nyl\u00e9sek feldolgoz\u00e1saTB \u00fcgyint\u00e9z\u00e9s\u00a0&#8211; t\u00e1pp\u00e9nz,&hellip; <a class=\"more-link\" href=\"https:\/\/isuccess.niarztest.com\/index.php\/berszamfejtes\/\"><span class=\"screen-reader-text\">B\u00e9rsz\u00e1mfejt\u00e9s<\/span> olvas\u00e1s\u00e1nak folytat\u00e1sa<\/a><\/p>\n","protected":false},"author":1,"featured_media":0,"parent":0,"menu_order":0,"comment_status":"closed","ping_status":"closed","template":"elementor_canvas","meta":{"footnotes":""},"class_list":["post-136","page","type-page","status-publish","hentry","entry"],"_links":{"self":[{"href":"https:\/\/isuccess.niarztest.com\/index.php\/wp-json\/wp\/v2\/pages\/136","targetHints":{"allow":["GET"]}}],"collection":[{"href":"https:\/\/isuccess.niarztest.com\/index.php\/wp-json\/wp\/v2\/pages"}],"about":[{"href":"https:\/\/isuccess.niarztest.com\/index.php\/wp-json\/wp\/v2\/types\/page"}],"author":[{"embeddable":true,"href":"https:\/\/isuccess.niarztest.com\/index.php\/wp-json\/wp\/v2\/users\/1"}],"replies":[{"embeddable":true,"href":"https:\/\/isuccess.niarztest.com\/index.php\/wp-json\/wp\/v2\/comments?post=136"}],"version-history":[{"count":16,"href":"https:\/\/isuccess.niarztest.com\/index.php\/wp-json\/wp\/v2\/pages\/136\/revisions"}],"predecessor-version":[{"id":612,"href":"https:\/\/isuccess.niarztest.com\/index.php\/wp-json\/wp\/v2\/pages\/136\/revisions\/612"}],"wp:attachment":[{"href":"https:\/\/isuccess.niarztest.com\/index.php\/wp-json\/wp\/v2\/media?parent=136"}],"curies":[{"name":"wp","href":"https:\/\/api.w.org\/{rel}","templated":true}]}}